Poundstock Weather

These pages show the data gathered by an automatic weather station in the village of Poundstock, north Cornwall in the south-west of England.

Some of the pages are still under construction but please use the tabs below to browse the data that is currently available. Do return in the future to see the improvements.

Click on the buttons below to select the month and the drop down box to select the year

27 June - 9 July 2012 - During this period there was a problem with the temperature sensor, the readings are incorrect. Please ignore all temperature readings during this period.

NOAA style reports
Select a Year or Month report
V/Λ2017 > Jan Feb Mar Apr May Jun Jul Aug Sep Oct Nov Dec
V/Λ2016 > Jan Feb Mar Apr May Jun Jul Aug Sep Oct Nov Dec
V/Λ2015 > Jan Feb Mar Apr May Jun Jul Aug Sep Oct Nov Dec
V/Λ2014 > Jan Feb Mar Apr May Jun Jul Aug Sep Oct Nov Dec
V/Λ2013 > Jan Feb Mar Apr May Jun Jul Aug Sep Oct Nov Dec
V/Λ2012 > Jan Feb Mar Apr May Jun Jul Aug Sep Oct Nov Dec
V/Λ2011 > Jan Feb Mar Apr May Jun Jul Aug Sep Oct Nov Dec
V/Λ2010 > Jan Feb Mar Apr May Jun Jul Aug Sep Oct Nov Dec

Report for 2017 Jun
                   Monthly Climatological Summary for Jun 2017

Name: Poundstock weather   City: Poundstock   State: Cornwall
Elevation: 35 m  Lat: N 50 47 07   Lon: W 004 30 59

                  Temperature (°C), Rain (mm), Wind Speed (mph)

                                      Heat  Cool        Avg
    Mean                              Deg   Deg         Wind                 Dom
Day Temp  High   Time   Low    Time   Days  Days  Rain  Speed High   Time    Dir
----------------------------------------------------------------------------------
01  16.6  23.2   14:28  11.4   05:08   2.3   0.7   0.0   2.7  18.0   15:42     W
02  13.6  16.4   16:40   8.7   23:50   4.7   0.0   2.8   2.9  15.0   16:50   WNW
03  12.6  17.2   15:30   6.4   05:30   5.7   0.0   0.2   4.0  19.0   13:10     W
06  12.2  12.3   00:00  12.1   00:20   0.1   0.0   0.0  ----  11.0   00:00   WSW
07  13.7  13.9   23:51  12.1   23:51   0.0   0.0  15.8  ----   9.0   23:52     S
08  15.2  18.5   14:58  13.5   05:20   3.1   0.0   8.2   5.3  22.0   15:22   SSW
09  14.8  17.1   14:35  12.9   06:08   3.5   0.0   0.4   4.6  23.0   09:10   WSW
10  16.6  20.6   14:42  13.7   00:00   1.9   0.2   1.4   5.6  26.0   07:50   SSE
11  14.9  17.3   14:20  12.6   05:09   3.4   0.0   0.4   5.0  24.0   12:58   WSW
12  14.5  17.1   15:51  12.2   04:42   3.8   0.0   0.6   7.7  24.0   04:13     W
13  14.1  17.8   13:52   8.7   05:52   4.2   0.0   0.2   2.3  13.0   13:06   WNW
14  15.0  22.3   10:51   7.0   04:35   3.9   0.5   0.0   2.2  13.0   11:00   WNW
15  14.6  18.1   13:39   9.2   03:42   3.7   0.0   0.8   6.1  23.0   15:15     W
16  15.9  19.0   15:35  11.6   23:59   2.4   0.0   0.0   6.3  22.0   08:10   WNW
17  16.4  20.8   18:06  10.7   05:27   2.7   0.7   0.0   2.4  12.0   15:56   WNW
18  18.6  27.9   10:44   9.9   05:30   2.6   2.9   0.0   2.1  15.0   16:04   WNW
19  21.9  31.6   13:46  10.9   05:26   1.7   5.3   0.0   2.0  12.0   15:51   WSW
20  23.9  32.5   15:45  14.4   05:38   0.6   6.2   0.6   1.6  14.0   13:58   ESE
21  21.6  31.1   15:05  16.2   05:53   0.4   3.7   0.0   3.2  20.0   16:32     W
22  17.0  19.3   14:41  14.3   23:02   1.4   0.1   0.0   7.0  20.0   14:06   WNW
23  16.9  19.9   11:12  14.2   02:07   1.6   0.2   0.0   6.9  23.0   13:39     W
24  15.9  17.3   11:18  14.1   23:08   2.4   0.0   5.4   5.8  19.0   21:14     W
----------------------------------------------------------------------------------
    16.2  32.5    20     6.4     3    56.1  20.5  36.8   4.3  26.0    10       W

Max >=  27.0  4
Max <=   0.0  0
Min <=   0.0  0
Min <= -18.0  0
Max Rain: 15.8 on day 7
Days of Rain: 12 (>= 0.2 mm)  5 (>= 1.0 mm)  0 (>= 20.0 mm)
Heat Base: 18.3  Cool Base: 18.3  Method: Integration

The Poundstock Packet

Advertisers who support us


For a full list of our supporters see the Directory page

The Poundstock Packet is financially supported by

awards for all Parish Council

Page last updated on
19 March 2017