Poundstock Weather

These pages show the data gathered by an automatic weather station in the village of Poundstock, north Cornwall in the south-west of England.

Some of the pages are still under construction but please use the tabs below to browse the data that is currently available. Do return in the future to see the improvements.

Click on the buttons below to select the month and the drop down box to select the year

27 June - 9 July 2012 - During this period there was a problem with the temperature sensor, the readings are incorrect. Please ignore all temperature readings during this period.

NOAA style reports
Select a Year or Month report
V/Λ2018 > Jan Feb Mar Apr May Jun Jul Aug Sep Oct Nov Dec
V/Λ2017 > Jan Feb Mar Apr May Jun Jul Aug Sep Oct Nov Dec
V/Λ2016 > Jan Feb Mar Apr May Jun Jul Aug Sep Oct Nov Dec
V/Λ2015 > Jan Feb Mar Apr May Jun Jul Aug Sep Oct Nov Dec
V/Λ2014 > Jan Feb Mar Apr May Jun Jul Aug Sep Oct Nov Dec
V/Λ2013 > Jan Feb Mar Apr May Jun Jul Aug Sep Oct Nov Dec
V/Λ2012 > Jan Feb Mar Apr May Jun Jul Aug Sep Oct Nov Dec
V/Λ2011 > Jan Feb Mar Apr May Jun Jul Aug Sep Oct Nov Dec
V/Λ2010 > Jan Feb Mar Apr May Jun Jul Aug Sep Oct Nov Dec

Report for 2018 Mar
                   Monthly Climatological Summary for Mar 2018

Name: Poundstock weather   City: Poundstock   State: Cornwall
Elevation: 35 m  Lat: N 50 47 07   Lon: W 004 30 59

                  Temperature (°C), Rain (mm), Wind Speed (mph)

                                      Heat  Cool        Avg
    Mean                              Deg   Deg         Wind                 Dom
Day Temp  High   Time   Low    Time   Days  Days  Rain  Speed High   Time    Dir
----------------------------------------------------------------------------------
01  -2.8  -0.4   23:52  -4.7   03:26  21.1   0.0   0.0  11.8  36.0   23:44     E
02   0.0   0.8   23:39  -0.4   00:00  18.3   0.0   0.6  10.5  36.0   00:00     E
03   3.0   5.4   14:36   0.8   00:00  15.3   0.0   8.4   3.3  21.0   08:49   ESE
04   6.5  11.7   13:09   2.1   00:00  11.8   0.0   7.6   3.5  19.0   13:33   SSE
05   5.8   7.8   10:52   3.9   04:40  12.5   0.0   8.2   2.2  12.0   08:47     W
06   5.1  10.2   12:06  -0.4   23:29  13.2   0.0   1.4   1.6  12.0   18:17     W
07   5.6   9.9   13:18  -0.1   00:03  12.7   0.0   3.0   4.3  23.0   10:17   WSW
08   7.2  10.5   14:06   4.1   01:36  11.1   0.0   1.0   6.6  31.0   04:11     W
09   8.0  11.6   23:56   3.6   05:06  10.3   0.0   7.8   4.9  22.0   11:30    SE
10  11.4  15.2   14:00   6.9   23:42   6.9   0.0   2.0   5.3  24.0   10:59     S
11   8.9  12.5   10:54   5.3   02:13   9.4   0.0   5.8   4.9  25.0   09:21   ESE
12   8.1   8.6   08:52   7.1   18:50  10.2   0.0   6.0   8.1  24.0   15:06   WNW
13   8.5  11.4   13:48   6.8   21:20   9.8   0.0   0.0   5.6  18.0   23:55     W
14   9.4  10.3   14:31   8.1   23:06   8.9   0.0  17.4  10.1  32.0   09:42    SE
15   9.4  13.3   12:20   6.6   06:02   8.9   0.0   5.8   4.6  22.0   11:16   SSE
16   8.3  14.1   14:03   3.4   06:15  10.0   0.0   1.8   3.1  16.0   17:21    SE
17   3.2   6.9   07:00  -1.3   23:57  15.1   0.0   0.2   7.6  27.0   09:44   ENE
18  -0.6   1.9   11:37  -1.7   04:19  18.9   0.0   0.6   6.7  25.0   17:44   ENE
19   1.2   3.9   15:29  -1.1   00:25  17.1   0.0   0.6   7.3  29.0   08:37   ENE
20   2.6   8.5   14:58  -3.6   06:31  15.7   0.0   0.0   2.9  15.0   09:38   NNE
21   3.8   9.7   13:36  -3.3   05:46  14.4   0.0   0.0   3.9  18.0   16:01     W
----------------------------------------------------------------------------------
     5.4  15.2    10    -4.7     1   271.6   0.0  78.2   5.7  36.0     1     ESE

Max >=  27.0  0
Max <=   0.0  1
Min <=   0.0  9
Min <= -18.0  0
Max Rain: 17.4 on day 14
Days of Rain: 17 (>= 0.2 mm)  13 (>= 1.0 mm)  0 (>= 20.0 mm)
Heat Base: 18.3  Cool Base: 18.3  Method: Integration

The Poundstock Packet

Advertisers who support us


For a full list of our supporters see the Directory page

The Poundstock Packet is financially supported by

awards for all Parish Council

Page last updated on
19 March 2017