Poundstock Weather

These pages show the data gathered by an automatic weather station in the village of Poundstock, north Cornwall in the south-west of England.

Some of the pages are still under construction but please use the tabs below to browse the data that is currently available. Do return in the future to see the improvements.

Click on the buttons below to select the month and the drop down box to select the year

27 June - 9 July 2012 - During this period there was a problem with the temperature sensor, the readings are incorrect. Please ignore all temperature readings during this period.

NOAA style reports
Select a Year or Month report

Report for 2017 Aug
                   Monthly Climatological Summary for Aug 2017

Name: Poundstock weather   City: Poundstock   State: Cornwall
Elevation: 35 m  Lat: N 50 47 07   Lon: W 004 30 59

                  Temperature (°C), Rain (mm), Wind Speed (mph)

                                      Heat  Cool        Avg
    Mean                              Deg   Deg         Wind                 Dom
Day Temp  High   Time   Low    Time   Days  Days  Rain  Speed High   Time    Dir
----------------------------------------------------------------------------------
01  15.2  19.6   14:35   9.8   04:34   3.0   0.1   0.6   2.9  19.0   11:53   WSW
02  17.4  21.3   13:16  15.0   04:42   1.4   0.5   4.4   4.3  25.0   06:11     S
03  16.8  18.9   15:42  15.6   23:42   1.4   0.0   0.6   6.8  25.0   07:45   WSW
04  16.5  19.5   14:41  14.4   03:57   1.7   0.1   1.6   5.1  19.0   07:36     W
05  15.8  18.3   12:55  14.1   23:53   2.3   0.0   0.2   7.8  20.0   09:50   WNW
06  15.8  19.4   13:43  13.4   05:05   2.3   0.0   0.4   4.0  18.0   13:31   WSW
07  15.8  18.3   14:42  14.3   23:14   2.3   0.0   4.6   2.5  13.0   04:24     W
08  14.8  17.1   17:55  11.9   06:33   3.3   0.0   2.4   3.7  16.0   14:07    NW
09  15.1  17.8   16:54  11.7   22:31   2.9   0.0   4.2   4.3  23.0   16:59     N
10  13.6  17.9   12:17   7.8   06:20   4.3   0.0   0.4   3.9  16.0   17:46    NW
11  16.1  18.6   14:01  12.5   00:24   2.2   0.0   1.8   5.5  20.0   18:17     W
12  16.1  18.7   14:45  12.4   23:58   2.2   0.0   0.4   8.1  23.0   13:00   WNW
13  14.2  18.8   11:49   9.2   06:13   4.1   0.0   0.0   2.3  15.0   11:11     W
14  15.4  19.1   12:47  13.2   23:35   2.9   0.0  16.2   2.8  18.0   12:38   SSE
15  15.9  19.4   15:25  10.8   23:57   2.6   0.1   0.6   4.3  17.0   16:52     W
----------------------------------------------------------------------------------
    15.6  21.3     2     7.8    10    38.9   0.8  38.4   4.5  25.0     2       W

Max >=  27.0  0
Max <=   0.0  0
Min <=   0.0  0
Min <= -18.0  0
Max Rain: 16.2 on day 14
Days of Rain: 14 (>= 0.2 mm)  7 (>= 1.0 mm)  0 (>= 20.0 mm)
Heat Base: 18.3  Cool Base: 18.3  Method: Integration

The Poundstock Packet

Advertisers who support us


For a full list of our supporters see the Directory page

The Poundstock Packet is financially supported by

awards for all Parish Council

Page last updated on
19 March 2017